 What is the hundreds digit of t(-2)?
1
Let z(q) = -q**2 + 8*q - 8. Let p be z(6). Suppose -139 = p*o + 65. What is the tens digit of (0 + -3)*272/o?
1
Suppose 8*x - 13*x + 4*m + 52497 = 0, 3*x = 2*m + 31499. What is the tens digit of x?
0
Suppose -5*w - 2 = -2. Suppose -4*v + 119 = i - w*v, 2*i - 238 = 4*v. Suppose -4*o + i + 65 = 0. What is the tens digit of o?
4
Let i be ((-2)/6 - 0)/(5/(-45)). Suppose 4*a - a = -3*k - 6, -i*k + 2 = -5*a. What is the hundreds digit of ((-768)/(-160))/(k/(220/(-6)))?
1
Let p = 9267 - 262. Suppose 6*b = p + 607. What is the thousands digit of b?
1
Let d be (7 - 1)/3 + 2. Suppose -4 - 1 = -t, -3*w + 2498 = d*t. What is the units digit of w?
6
Suppose 20*w - 125445 = -41038 + 326873. What is the thousands digit of w?
0
Suppose 28*x + 65201 - 238325 = 0. What is the hundreds digit of x?
1
Suppose 4637 = 91*z - 24483. What is the hundreds digit of z?
3
What is the thousands digit of ((-12)/5)/((-1)/((-3704575)/(-105)))?
4
What is the units digit of ((73179/21)/(356/(-623)))/((-3)/20)?
5
Suppose 122*j = 185*j - 812070. What is the thousands digit of j?
2
Let r = 610 + -605. Suppose r*c - 605 - 2280 = 0. What is the units digit of c?
7
Suppose -2993*i + 3007*i = 264054. What is the units digit of i?
1
Let t(s) = 57*s - 58. Let z(q) = -4*q + 75. Let w be z(17). What is the tens digit of t(w)?
4
Let s(t) be the second derivative of 5*t**4/12 - t**3/2 + 3*t**2/2 + 3*t + 2. What is the tens digit of s(-7)?
6
Suppose -13*a = -9*a - 32. Suppose 4*s + a = -4*r, -3*s - 4*r + 1 = 12. Suppose s*d - 181 = 5*w, -4*w - 24 - 282 = -5*d. What is the tens digit of d?
6
What is the thousands digit of -2 + (-102068)/(-28) - 92/322?
3
Suppose -3*s = 3*t - 96423, 26*t - 96425 = -3*s + 24*t. What is the units digit of s?
3
Let i(k) = k**2 + 4*k + 3. Let g be i(-3). Suppose -2*p + g*p + 4*p = 0. Let c(n) = -n**3 + n**2 + 2*n + 62. What is the tens digit of c(p)?
6
Suppose 0 = 21*c - 17*c + 3*k - 525, -5*c + 639 = -2*k. Suppose -126*s + c*s = 513. What is the units digit of s?
1
Let v(a) = -2116*a - 443. What is the thousands digit of v(-5)?
0
Suppose 9*h + 11 - 74 = 0. Suppose h*n - 4 = 24. Suppose s = 4*m - 698, 2*s - 700 = -4*m + n*s. What is the hundreds digit of m?
1
Suppose -3*y + 9326 = 2*v, 3*v = -19*y + 21*y + 14015. What is the hundreds digit of v?
6
Suppose 16*x - 13 = 15*x. Let o(b) = b - 27. Let f be o(x). Let v(z) = -z**3 - 14*z**2 - 2*z + 6. What is the units digit of v(f)?
4
Let t be (-180)/(-32) - 6/(-16). Let c(g) = 7*g**3 + 14*g + 6. Let r(n) = 6*n**3 - n**2 + 13*n + 5. Let x(v) = t*r(v) - 5*c(v). What is the units digit of x(5)?
5
Let t(v) = -v**3 + 10*v**2 - 7*v - 22. Let k(c) = 6*c**2 - 3*c - 1. Let s be k(-1). What is the units digit of t(s)?
0
Let j(u) = 26*u**3 + 17*u**2 - 9*u - 89. What is the hundreds digit of j(10)?
5
Let y be 652 - (-2 - (-4 - -2)). Suppose 2024 = 6*c - y. What is the hundreds digit of c?
4
Let f(p) = -7*p**2 + 13*p + 1. Let k(v) = -6*v**2 + 12*v. Let m(x) = 3*f(x) - 4*k(x). Let r be m(8). Let a = r - 68. What is the tens digit of a?
5
Let m(x) = 29*x**3 - 41*x**2 + 288*x + 19. What is the ten thousands digit of m(8)?
1
Let h = -14565 + 25214. What is the hundreds digit of h?
6
Suppose 5*b = 5*r + 245, 4*r - 9 - 60 = -b. Let c be (21/(-12))/(1/(-8)). Suppose q = b + c. What is the tens digit of q?
6
Let d(p) = 8*p**3 - 18*p**2 - 14*p - 4. What is the hundreds digit of d(12)?
0
What is the tens digit of (13966/(-5))/(76/(-190))?
8
Let a(q) = -399*q - 198. What is the units digit of a(-8)?
4
Suppose m - 4 = -3*y, 2*m + 16 = 5*y - m. Suppose 0 = y*z + z - 6. Suppose -h - 6 = 2*h, z = 4*x + h. What is the units digit of x?
1
Suppose 0 = 3*p - 5*t - 57, 2*t - 8 = 4*p - 98. Suppose 1 = 5*r - p. Suppose -205 - 410 = -r*m. What is the tens digit of m?
2
Suppose 0 = 4*o - 13 - 3. Suppose 4*i - 241 = o*r + 1135, -r + 1020 = 3*i. What is the hundreds digit of i?
3
Let h(x) = 2*x**2 + 7*x - 11. Let i be h(-6). Suppose 0 = i*r - 18*r + 15. What is the units digit of 3/2*(-730)/r?
3
Let y = 260 - -152. Suppose -l + z = -4*z - y, -2*l - 5*z = -884. What is the hundreds digit of l?
4
Let b(k) be the second derivative of 10*k**3/3 - k**2/2 - 15*k. Let h be b(5). Let o = h + -47. What is the units digit of o?
2
Let y be 6 + -14 + 0 - 4. What is the units digit of 425 + (y - -6) + 7?
6
Suppose -3*y + 160 + 53 = 0. Let o = 32 + 12. Let g = y - o. What is the units digit of g?
7
Let y = -12272 - -22414. Suppose 18*c - y = 7*c. What is the hundreds digit of c?
9
Let h(v) = -4*v - 20. Let j be h(-6). Suppose 5*k + 6 - 24 = p, 5*k - 24 = 3*p. Suppose 3*l = -j*o - 6, k*l - 2*l + 7 = -3*o. What is the units digit of l?
2
Suppose 28*s - 63417 = -3*v + 23*s, -5*v - s = -105739. What is the ten thousands digit of v?
2
Let v(j) = 13*j - 72. Let y be v(-15). Let p = 202 - y. What is the tens digit of p?
6
Let k = -649 - -671. Let a(o) = 63*o - 343. What is the units digit of a(k)?
3
Let y(k) = 310*k**2 + 122*k + 215. What is the thousands digit of y(-11)?
6
Let q(s) = -s**2 - s + 1. Let i(w) = -w**3 - 11*w**2 + 11*w + 18. Let d(k) = i(k) - q(k). Let j be d(-11). What is the tens digit of 1265/6 - (9 + (-55)/j)?
1
Suppose 5*p - 128*x = -133*x + 154570, -x = -2*p + 61852. What is the ten thousands digit of p?
3
Let l(x) be the second derivative of x**5/20 + x**4 + 4*x**3/3 - 7*x**2/2 - 18*x. Let r be l(-9). Suppose -r = -2*t + 18. What is the units digit of t?
1
Let c(o) = -o**2 - 5*o + 3. Let g be c(-5). Suppose 0 = 4*b - 2*k + 5*k - 21, 0 = -2*b + k + g. What is the tens digit of (b/(-2))/((-6)/324)?
8
Let w(x) = 4*x**3 + 4*x**2 + 7*x + 5. Let j(f) = f**3 - f**2 + f. Let m(d) = -2*j(d) + w(d). Let b be m(-3). What is the tens digit of (-452)/b + 1/(-5)?
4
Suppose -7622 = -3*t - 2*t - 2*b, 5*t + 4*b - 7624 = 0. Suppose 3*a = -5*g + 1149, -7*g + 3*g = 4*a - t. Let s = a + -193. What is the tens digit of s?
8
Let x = -5 + -19. What is the tens digit of x/(145/80 - 2)?
2
What is the tens digit of 1192*(-24 - 319/(-11))?
6
Suppose -311*o + 13147552 = 140*o. What is the ten thousands digit of o?
2
Suppose 7*g - 1634 = 5*g. Suppose -7*r + g + 2935 = 0. What is the units digit of r?
6
Suppose -7550 = 72*v - 74*v. What is the hundreds digit of v?
7
Let k(s) = 12699*s**2 - 363*s - 363. What is the thousands digit of k(-1)?
2
What is the tens digit of 14 - ((-131820)/12)/1?
9
Let y(d) = 8*d + 188. Let p be y(-23). Suppose 2*f = p*f - 1854. What is the hundreds digit of f?
9
Let g be 4 - -5 - (-27 - -18). Suppose 0 = -g*j + 309 + 375. What is the units digit of j?
8
Let x be 10/8 + 5/(-20). Let l be x + 1 + 1 + 1 + 0. Suppose -5*w + 631 = l*b, -w - b - b + 125 = 0. What is the hundreds digit of w?
1
Let a = -226 + 226. Suppose -10*u + 1786 + 1444 = a. What is the hundreds digit of u?
3
Let q(f) be the second derivative of -67*f**3/6 - 2*f**2 - f - 8. What is the hundreds digit of q(-3)?
1
Let w be -17*(0 + -5 + 4). Suppose 0 = 4*z - a - w, -3*z + 4*a - 8 = -37. Suppose -z*x = 3*l - 279, -2*x - x - 4*l + 283 = 0. What is the tens digit of x?
8
Let w(j) = -1134*j**3 + 9*j**2 + 41*j - 6. What is the ten thousands digit of w(-4)?
7
Suppose -3*g + 29 + 811 = 0. Suppose -2*k + l = -g, 0 = -3*k - l - l + 420. Let r = 269 - k. What is the units digit of r?
9
Let m = 10 + -6. Let q = 2353 - 1974. Suppose -m*a + q + 129 = 0. What is the hundreds digit of a?
1
Suppose -211820 = 8*v - 13*v. What is the tens digit of v?
6
Let d(g) = -g**2 + 15*g + 4. Let r be d(15). Suppose r*u - 25 = -a, 5 = 9*a - 10*a + 2*u. Suppose -423 = -a*z + 132. What is the tens digit of z?
1
Let r(t) = t**3 + 12*t**2 + 9*t - 19. Let k be r(-11). What is the tens digit of (-4 - 14/(-6)) + 1181/k?
9
Let z be (-8)/(-116) + 4/(-58). What is the units digit of -436*(z + 55/(-20))?
9
What is the units digit of (356210/80 - 3) + 5/((-160)/(-12))?
0
Let w = -86 - -152. Suppose h + q = w, 7*q - 3*q = -2*h + 122. What is the tens digit of h?
7
Let t(x) be the first derivative of -15 + 2*x**2 - 13/4*x**4 - 1/3*x**3 + 5*x. What is the units digit of t(-2)?
7
Let u(x) = x + 20. Let s be u(-14). Let c be ((-2)/4)/(s*(-2)/(-720)). What is the units digit of 190/1 - c/(-6)?
5
Let x(t) = 11*t**2 - 3*t + 7. Let k be x(2). Suppose 0 = 3*u + 2*c - 231, 0 = u - 4*c - 18 - k. Suppose -281